{"id":10,"date":"2017-10-13T11:31:28","date_gmt":"2017-10-13T14:31:28","guid":{"rendered":"http:\/\/www.graficaseixasrp.com.br\/convites\/?page_id=10"},"modified":"2017-10-13T12:13:10","modified_gmt":"2017-10-13T15:13:10","slug":"quem-somos","status":"publish","type":"page","link":"http:\/\/www.graficaseixasrp.com.br\/convites\/quem-somos\/","title":{"rendered":"Quem Somos"},"content":{"rendered":"<p style=\"text-align: jsutify;\">A <strong>Gr\u00e1\uf001ca Seixas<\/strong> est\u00e1 no mercado desde 1978, devidamente registrada, e desde 2011 nossa nova administra\u00e7\u00e3o vem buscando mais espa\u00e7os nessa trilha linda de impressos e personalizados.<\/p>\n<p style=\"text-align: justify;\"><strong>O diferencial?<\/strong><br \/>\nO entusiasmo e comprometimento de gera\u00e7\u00f5es familiares a benef\u00edcio e progresso de seus clientes, dando investimento em impressos gr\u00e1\uf001cos com valores de respeito, compromisso e satisfa\u00e7\u00e3o. Priorizando o bom atendimento, qualidade do produto e servi\u00e7os prestados.<\/p>\n<p style=\"text-align: justify;\">Nosso trabalho \u00e9 desenvolvido por Josiane Seixas, administradora e especializada em cria\u00e7\u00e3o gr\u00e1\uf001ca, junto com o olhar de sua irm\u00e3 Jaqueline, arquiteta e urbanista, e mais o irm\u00e3o Juliano, que possui, desde sempre, experi\u00eancia em produ\u00e7\u00e3o gr\u00e1\uf001ca. Nascemos e crescemos em volta de papel e de muitos impressos gr\u00e1\uf001cos, vendo nosso av\u00f4 e nosso pai manusear pap\u00e9is, aparar, re\uf001lar e at\u00e9 a limpeza nas m\u00e1quinas, estudamos, nos graduamos e a raiz sempre esteve muito forte em n\u00f3s. Com muitas di\uf001culdades, mas muita for\u00e7a de vontade abra\u00e7amos essa causa familiar, que \u00e9 continuar trazendo aos clientes mais e mais possivilidades de impressos e acabamentos.<br \/>\nCom muito criatividade amamos o setor de convites e dele \u00e9 um de nossos \u2018\u2019xod\u00f3\u2019\u2019, al\u00e9m de muitos outros setores que nos estruturamos pela con\uf001an\u00e7a e indica\u00e7\u00e3o de cada pessoa que compra de nosso servi\u00e7o. Gratid\u00e3o a cada uma que passou, indicou e voltou!<\/p>\n<p><strong>Resuminho?<\/strong><\/p>\n<p style=\"text-align: justify;\">Unindo as boas ideias e os olhares diferenciados em um mercado de custo-benef\u00edcio, est\u00e3o transformando pap\u00e9is, cores e um mundo de possibilidades em cria\u00e7\u00f5es encantadoras.<\/p>\n<p style=\"text-align: justify;\">Juntos, acreditam que cada material s\u00e3o mais do que pap\u00e9is, s\u00e3o concretiza\u00e7\u00e3o dos sonhos de cada cliente que, ap\u00f3s tantas batalhas, est\u00e3o \uf001nalmente ali, repletas de signi\uf001cados e ao alcance de suas m\u00e3os.<\/p>\n","protected":false},"excerpt":{"rendered":"<p>A Gr\u00e1\uf001ca Seixas est\u00e1 no mercado desde 1978, devidamente registrada, e desde 2011 nossa nova administra\u00e7\u00e3o vem buscando mais espa\u00e7os nessa trilha linda de impressos e personalizados. O diferencial? O entusiasmo e comprometimento de gera\u00e7\u00f5es familiares a benef\u00edcio e progresso de seus clientes, dando investimento em impressos gr\u00e1\uf001cos com valores de respeito, compromisso e satisfa\u00e7\u00e3o.&hellip;<\/p>\n","protected":false},"author":1,"featured_media":0,"parent":0,"menu_order":0,"comment_status":"closed","ping_status":"closed","template":"","meta":{"footnotes":""},"_links":{"self":[{"href":"http:\/\/www.graficaseixasrp.com.br\/convites\/wp-json\/wp\/v2\/pages\/10"}],"collection":[{"href":"http:\/\/www.graficaseixasrp.com.br\/convites\/wp-json\/wp\/v2\/pages"}],"about":[{"href":"http:\/\/www.graficaseixasrp.com.br\/convites\/wp-json\/wp\/v2\/types\/page"}],"author":[{"embeddable":true,"href":"http:\/\/www.graficaseixasrp.com.br\/convites\/wp-json\/wp\/v2\/users\/1"}],"replies":[{"embeddable":true,"href":"http:\/\/www.graficaseixasrp.com.br\/convites\/wp-json\/wp\/v2\/comments?post=10"}],"version-history":[{"count":2,"href":"http:\/\/www.graficaseixasrp.com.br\/convites\/wp-json\/wp\/v2\/pages\/10\/revisions"}],"predecessor-version":[{"id":39,"href":"http:\/\/www.graficaseixasrp.com.br\/convites\/wp-json\/wp\/v2\/pages\/10\/revisions\/39"}],"wp:attachment":[{"href":"http:\/\/www.graficaseixasrp.com.br\/convites\/wp-json\/wp\/v2\/media?parent=10"}],"curies":[{"name":"wp","href":"https:\/\/api.w.org\/{rel}","templated":true}]}}

<p style="text-align: jsutify;">A <strong>Gráca Seixas</strong> está no mercado desde 1978, devidamente registrada, e desde 2011 nossa nova administração vem buscando mais espaços nessa trilha linda de impressos e personalizados.</p>
<p style="text-align: justify;"><strong>O diferencial?</strong><br />
O entusiasmo e comprometimento de gerações familiares a benefício e progresso de seus clientes, dando investimento em impressos grácos com valores de respeito, compromisso e satisfação. Priorizando o bom atendimento, qualidade do produto e serviços prestados.</p>
<p style="text-align: justify;">Nosso trabalho é desenvolvido por Josiane Seixas, administradora e especializada em criação gráca, junto com o olhar de sua irmã Jaqueline, arquiteta e urbanista, e mais o irmão Juliano, que possui, desde sempre, experiência em produção gráca. Nascemos e crescemos em volta de papel e de muitos impressos grácos, vendo nosso avô e nosso pai manusear papéis, aparar, relar e até a limpeza nas máquinas, estudamos, nos graduamos e a raiz sempre esteve muito forte em nós. Com muitas diculdades, mas muita força de vontade abraçamos essa causa familiar, que é continuar trazendo aos clientes mais e mais possivilidades de impressos e acabamentos.<br />
Com muito criatividade amamos o setor de convites e dele é um de nossos ‘’xodó’’, além de muitos outros setores que nos estruturamos pela conança e indicação de cada pessoa que compra de nosso serviço. Gratidão a cada uma que passou, indicou e voltou!</p>
<p><strong>Resuminho?</strong></p>
<p style="text-align: justify;">Unindo as boas ideias e os olhares diferenciados em um mercado de custo-benefício, estão transformando papéis, cores e um mundo de possibilidades em criações encantadoras.</p>
<p style="text-align: justify;">Juntos, acreditam que cada material são mais do que papéis, são concretização dos sonhos de cada cliente que, após tantas batalhas, estão nalmente ali, repletas de signicados e ao alcance de suas mãos.</p>

<p>A Gráca Seixas está no mercado desde 1978, devidamente registrada, e desde 2011 nossa nova administração vem buscando mais espaços nessa trilha linda de impressos e personalizados. O diferencial? O entusiasmo e comprometimento de gerações familiares a benefício e progresso de seus clientes, dando investimento em impressos grácos com valores de respeito, compromisso e satisfação.&hellip;</p>
