{"id":18,"date":"2017-10-13T11:32:07","date_gmt":"2017-10-13T14:32:07","guid":{"rendered":"http:\/\/www.graficaseixasrp.com.br\/convites\/?page_id=18"},"modified":"2017-10-18T17:36:36","modified_gmt":"2017-10-18T19:36:36","slug":"fale-conosco","status":"publish","type":"page","link":"http:\/\/www.graficaseixasrp.com.br\/convites\/fale-conosco\/","title":{"rendered":"Fale Conosco"},"content":{"rendered":"\n<div class=\"wpcf7 no-js\" id=\"wpcf7-f51-o1\" lang=\"pt-BR\" dir=\"ltr\">\n<div class=\"screen-reader-response\"><p role=\"status\" aria-live=\"polite\" aria-atomic=\"true\"><\/p> <ul><\/ul><\/div>\n<form action=\"\/convites\/wp-json\/wp\/v2\/pages\/18#wpcf7-f51-o1\" method=\"post\" class=\"wpcf7-form init\" aria-label=\"Formul\u00e1rios de contato\" enctype=\"multipart\/form-data\" novalidate=\"novalidate\" data-status=\"init\">\n<div style=\"display: none;\">\n<input type=\"hidden\" name=\"_wpcf7\" value=\"51\" \/>\n<input type=\"hidden\" name=\"_wpcf7_version\" value=\"5.8\" \/>\n<input type=\"hidden\" name=\"_wpcf7_locale\" value=\"pt_BR\" \/>\n<input type=\"hidden\" name=\"_wpcf7_unit_tag\" value=\"wpcf7-f51-o1\" \/>\n<input type=\"hidden\" name=\"_wpcf7_container_post\" value=\"0\" \/>\n<input type=\"hidden\" name=\"_wpcf7_posted_data_hash\" value=\"\" \/>\n<\/div>\n<p>Nome:<br \/>\n<span class=\"wpcf7-form-control-wrap\" data-name=\"your-name\"><input size=\"40\" class=\"wpcf7-form-control wpcf7-text wpcf7-validates-as-required\" aria-required=\"true\" aria-invalid=\"false\" value=\"\" type=\"text\" name=\"your-name\" \/><\/span>\n<\/p>\n<p>E-mail:<br \/>\n<span class=\"wpcf7-form-control-wrap\" data-name=\"your-email\"><input size=\"40\" class=\"wpcf7-form-control wpcf7-email wpcf7-validates-as-required wpcf7-text wpcf7-validates-as-email\" aria-required=\"true\" aria-invalid=\"false\" value=\"\" type=\"email\" name=\"your-email\" \/><\/span>\n<\/p>\n<p>Telefone:<br \/>\n<span class=\"wpcf7-form-control-wrap\" data-name=\"your-telephone\"><input size=\"40\" class=\"wpcf7-form-control wpcf7-text wpcf7-validates-as-required\" aria-required=\"true\" aria-invalid=\"false\" value=\"\" type=\"text\" name=\"your-telephone\" \/><\/span>\n<\/p>\n<p>Data do Evento:<br \/>\n<span class=\"wpcf7-form-control-wrap\" data-name=\"your-data\"><input size=\"40\" class=\"wpcf7-form-control wpcf7-text wpcf7-validates-as-required\" aria-required=\"true\" aria-invalid=\"false\" value=\"\" type=\"text\" name=\"your-data\" \/><\/span>\n<\/p>\n<p>Modelo:<br \/>\n<span class=\"wpcf7-form-control-wrap\" data-name=\"menu\"><select class=\"wpcf7-form-control wpcf7-select wpcf7-validates-as-required\" aria-required=\"true\" aria-invalid=\"false\" name=\"menu\"><option value=\"\">&#8212;Escolha uma op\u00e7\u00e3o&#8212;<\/option><option value=\"Casamento (Tradicional)\">Casamento (Tradicional)<\/option><option value=\"Casamento (Floral)\">Casamento (Floral)<\/option><option value=\"Casamento (Criativo)\">Casamento (Criativo)<\/option><option value=\"15 Anos\">15 Anos<\/option><option value=\"Outras Datas\">Outras Datas<\/option><option value=\"Complementos\">Complementos<\/option><\/select><\/span>\n<\/p>\n<p>Por onde voc\u00ea nos conheceu?<br \/>\n<span class=\"wpcf7-form-control-wrap\" data-name=\"menu2\"><select class=\"wpcf7-form-control wpcf7-select wpcf7-validates-as-required\" aria-required=\"true\" aria-invalid=\"false\" name=\"menu2\"><option value=\"\">&#8212;Escolha uma op\u00e7\u00e3o&#8212;<\/option><option value=\"Redes Sociais\">Redes Sociais<\/option><option value=\"Google\">Google<\/option><option value=\"Site casamentos.com\">Site casamentos.com<\/option><option value=\"Amigos(as)\">Amigos(as)<\/option><option value=\"Feiras\">Feiras<\/option><\/select><\/span>\n<\/p>\n<p>Mensagem:<br \/>\n<span class=\"wpcf7-form-control-wrap\" data-name=\"your-message\"><textarea cols=\"40\" rows=\"10\" class=\"wpcf7-form-control wpcf7-textarea wpcf7-validates-as-required\" aria-required=\"true\" aria-invalid=\"false\" name=\"your-message\"><\/textarea><\/span>\n<\/p>\n<p>Envie um arquivo de modelo (Imagem 01):<br \/>\n<span class=\"wpcf7-form-control-wrap\" data-name=\"arquivo\"><input size=\"40\" class=\"wpcf7-form-control wpcf7-file\" accept=\".png,.jpg,.jpeg,.pdf\" aria-invalid=\"false\" type=\"file\" name=\"arquivo\" \/><\/span>\n<\/p>\n<p><input class=\"wpcf7-form-control wpcf7-submit has-spinner\" type=\"submit\" value=\"Enviar\" \/>\n<\/p><div class=\"wpcf7-response-output\" aria-hidden=\"true\"><\/div>\n<\/form>\n<\/div>\n\n<p style=\"text-align: right;\"><strong>Agende seu hora\u0301rio!<\/strong><br \/>\n16 3961-2707 \/ 3961-2221<br \/>\nconvites@graficaseixasrp.com.br<\/p>\n<p style=\"text-align: right;\"><strong>Hora\u0301rio de Funcionamento:<\/strong><br \/>\nDe Segunda a\u0300 Sexta das 08h a\u0300s 18h<br \/>\nDe Sa\u0301bado das 09h a\u0300s 12h<\/p>\n<p style=\"text-align: right;\"><strong>Endere\u00e7o:<\/strong><br \/>\nRua. Pernambuco, 291<br \/>\nCEP: 14080-370 &#8211; Campos El\u00edseos<br \/>\nRibeir\u00e3o Preto &#8211; SP<\/p>\n<p style=\"text-align: right;\"><strong>Localiza\u00e7\u00e3o:<\/strong><\/p>\n<p><iframe loading=\"lazy\" style=\"border: 0;\" src=\"https:\/\/www.google.com\/maps\/embed?pb=!1m14!1m8!1m3!1d14883.708626229854!2d-47.806361!3d-21.155297!3m2!1i1024!2i768!4f13.1!3m3!1m2!1s0x94b9be4b89f00cb1%3A0x14fca6e303ba1aea!2sR.+Pernambuco%2C+291+-+Campos+El%C3%ADsios%2C+Ribeir%C3%A3o+Preto+-+SP%2C+14080-370%2C+Brasil!5e0!3m2!1spt-BR!2sbr!4v1507916605452\" width=\"600\" height=\"370&quot;\" frameborder=\"0\" allowfullscreen=\"allowfullscreen\"><\/iframe><\/p>\n","protected":false},"excerpt":{"rendered":"<p>Agende seu hora\u0301rio! 16 3961-2707 \/ 3961-2221 convites@graficaseixasrp.com.br Hora\u0301rio de Funcionamento: De Segunda a\u0300 Sexta das 08h a\u0300s 18h De Sa\u0301bado das 09h a\u0300s 12h Endere\u00e7o: Rua. Pernambuco, 291 CEP: 14080-370 &#8211; Campos El\u00edseos Ribeir\u00e3o Preto &#8211; SP Localiza\u00e7\u00e3o:<\/p>\n","protected":false},"author":1,"featured_media":0,"parent":0,"menu_order":0,"comment_status":"closed","ping_status":"closed","template":"","meta":{"footnotes":""},"_links":{"self":[{"href":"http:\/\/www.graficaseixasrp.com.br\/convites\/wp-json\/wp\/v2\/pages\/18"}],"collection":[{"href":"http:\/\/www.graficaseixasrp.com.br\/convites\/wp-json\/wp\/v2\/pages"}],"about":[{"href":"http:\/\/www.graficaseixasrp.com.br\/convites\/wp-json\/wp\/v2\/types\/page"}],"author":[{"embeddable":true,"href":"http:\/\/www.graficaseixasrp.com.br\/convites\/wp-json\/wp\/v2\/users\/1"}],"replies":[{"embeddable":true,"href":"http:\/\/www.graficaseixasrp.com.br\/convites\/wp-json\/wp\/v2\/comments?post=18"}],"version-history":[{"count":5,"href":"http:\/\/www.graficaseixasrp.com.br\/convites\/wp-json\/wp\/v2\/pages\/18\/revisions"}],"predecessor-version":[{"id":424,"href":"http:\/\/www.graficaseixasrp.com.br\/convites\/wp-json\/wp\/v2\/pages\/18\/revisions\/424"}],"wp:attachment":[{"href":"http:\/\/www.graficaseixasrp.com.br\/convites\/wp-json\/wp\/v2\/media?parent=18"}],"curies":[{"name":"wp","href":"https:\/\/api.w.org\/{rel}","templated":true}]}}